**4 + k**2 + 2*k - 2. Let v be (-8)/(-24) + 8/3. Let m(l) = -2*l**3 + l + 1. Let j(n) = v*t(n) - 7*m(n). Calculate j(-1).
-2
Let n(a) = 16*a - 29. Let q(c) = -11*c + 20. Let p(g) = 5*n(g) + 7*q(g). Determine p(5).
10
Let h(p) be the first derivative of -p**6/360 + p**5/30 + p**4/8 + 7*p**3/3 + 5. Let g(q) be the third derivative of h(q). Suppose 8 = 2*w - 2. What is g(w)?
-2
Let z = 10 + -2. Let p(m) = 2*m - m**2 - m - z*m - 3 - 4. Calculate p(-6).
-1
Let r(t) = t**3 - 15*t**2 + 3*t - 44. Let i be r(15). Let a(o) = -1 - o - 2*o - 2*o. What is a(i)?
-6
Let u(r) = -r**2 - r + 3. Let p(s) = s**3 + 3*s**2 - 2*s + 5. Let w be p(-4). Let o = 6 + w. Give u(o).
-9
Let k(f) = -f**2 - f**2 - 1 + 3 + 8*f + f**2. Suppose -14 = 4*l - 42. Give k(l).
9
Let b(o) = 7*o**3 + 2*o**2 - 1. Let t be 4/5*(-5)/(-2). Suppose -2*j + m = 0, -m = -4*j + t*m + 2. Give b(j).
-6
Suppose -2*g + 0*g + o = -5, -13 = 2*g + 5*o. Let s(u) = -4*u + 0*u - u - g. What is s(2)?
-11
Let u be (1/1 + -5)*1. Let s(w) = 2*w**2 - 5*w + 1. Let k(m) = -3*m**2 + 5*m - 1. Let c be 68/18 + 4/18. Let o(f) = c*s(f) + 3*k(f). What is o(u)?
5
Suppose 5*c - 4*i - 31 = 0, c + c - 14 = 2*i. Suppose -5*f = -7 - c. Let z(r) be the first derivative of r**4/4 + r**2/2 - 2*r - 7. Give z(f).
8
Let b(a) be the second derivative of -5/12*a**4 + 0*a**3 + 0 + 0*a**2 - a - 1/20*a**5. Suppose 2*u + 7 + 3 = 0. What is b(u)?
0
Let z(j) = -2*j**3 - 2*j + 1. Let k(d) = d**3 - 16*d**2 + 1. Let u be k(16). Give z(u).
-3
Let f be -2 - (1/3*6 - 4). Let z(y) = -y**3 - y**2 + 10. Calculate z(f).
10
Suppose 28*k = 26*k - 6. Let q(b) = -1 + 1 + 4 - b**2 - 4*b. Determine q(k).
7
Let q(x) = x + 1. Let s be q(2). Let g(p) = 3*p**3 - 4 - p**s + 6*p**2 - 3*p**3 - 4*p. Determine g(5).
1
Let f(x) = -1 - 3*x**2 + 7*x - 4*x - 5 + 4*x**2. Determine f(-6).
12
Let t(n) = -n - 2*n**2 - 2 + n**3 + 0 + 4 - 1. Suppose -4*g = 3*o - 10, 0 = 2*o + 5*g - 9. Let c = o + 1. Give t(c).
7
Let k(p) = p**3 - 2*p**2 + p - 2. Let l(v) = -v + 1. Let a(q) = k(q) + 4*l(q). Determine a(3).
2
Suppose 3*u = -53 + 8. Let a be 6/u + (-17)/(-5). Let c(o) = -o - 6. Let t(g) = 5*g + 25. Let x(f) = 9*c(f) + 2*t(f). Determine x(a).
-1
Let z(t) be the third derivative of t**6/120 + t**5/10 - t**4/24 - t**3/2 + 2*t**2. Calculate z(-6).
3
Suppose -3*i + 0 = -30. Suppose -3*q = 2*q - i. Let t(f) be the third derivative of -f**6/120 + f**5/15 - f**4/8 + f**3/6 - 2*f**2. Calculate t(q).
3
Let i be 4 + 3/12 + (-5)/20. Let o(m) = -m**2 - 6 - 3 + 6*m + 5. What is o(i)?
4
Let o(c) be the first derivative of -c**3/3 + c**2/2 - c - 14. Give o(0).
-1
Suppose 2*b = -y + 3*b + 6, 3*y - 2*b = 14. Let q(l) = l**3 + y*l**3 + 4*l**2 + l**3 + 4*l - 4 - 5*l**3. Determine q(5).
-9
Let g(p) = -p**3 + 4*p**2 - 3*p - 4. Let s(u) = -u**3 + 2*u - 1. Let h be s(-2). Calculate g(h).
-4
Let o(r) = r**2 + 8*r + 7. Let u = -24 - -26. Suppose -l = 5*c + 26, 4*l - 22 = u*c + 6. Give o(c).
-5
Let b(v) = -4*v**2 + 3*v**3 + 0*v**2 - 7*v**3 + 5*v**3 + 5*v. What is b(4)?
20
Let y be -10*10/(-32) + 1/(-8). Let v(r) = -4*r. Let u(w) = 3*w. Let q(o) = 5*u(o) + 4*v(o). Give q(y).
-3
Let p(g) = 2*g**3 - 4*g**2 + 4*g - 2. Let d(l) = -l**2 - 3*l + 2. Let b be 12/30 - 17/5. Let i be d(b). Determine p(i).
6
Let b = 2 - 1. Let g = b + 3. Let u(c) be the first derivative of -c**4/4 + c**3 + c**2 + 2*c + 2. Give u(g).
-6
Let y(t) = t - 5. Let f(o) = -3*o**2 + o. Let q be f(1). Let b be 18/3 - (-2 - q). Let a be y(b). Let v(i) = -3*i**3 - 1. Calculate v(a).
-4
Suppose 0 = -5*y - r + 93, 3*r = y - 9 - 16. Suppose -7 = 3*x - y. Let h(l) = -l**3 + 4*l**2 - 2*l + 4. Determine h(x).
-4
Let c(u) = -2*u + 4. Let f(o) = o**3 + 4*o**2 - 5*o + 3. Let d be f(-5). Calculate c(d).
-2
Suppose 4*l + 3*y - 9 = 0, 4*y - 11 = -0*l - 5*l. Let x(n) = -n**l + 0*n**2 + 4*n**2 - 4*n + 1 + 2*n**2. Let p be (0 - -1) + (3 - -1). Determine x(p).
6
Let q(k) = -k**2 + 10*k - 1. Suppose 0 = -105*u + 110*u - 45. Determine q(u).
8
Let s(y) be the first derivative of -2/3*y**3 - 3*y**2 + 0*y + 2. Let l(o) = o**3 + 2*o**2 + 3*o + 2. Let q be l(-2). Give s(q).
-8
Let z be (-15)/(-3) - (-2)/(-1). Let a(u) be the first derivative of -u**4/4 + 2*u**3/3 + u**2 - u + 3. Calculate a(z).
-4
Let m(u) = -2 + 177*u - 1 - 179*u. Determine m(-5).
7
Let a(z) = z - 2 + 2*z + 6*z - 1. Let o(s) = -s**2 - 12*s - 18. Let t be o(-10). Calculate a(t).
15
Let n(j) = 7*j**3 + 7*j**2 + 4*j - 1. Let x(h) = -6*h**3 - 6*h**2 - 3*h + 1. Let t(b) = 5*n(b) + 6*x(b). Determine t(2).
-7
Suppose 16*l - 20*l = 8. Let r(t) = 4*t**2 + 3*t. Give r(l).
10
Let a be 1*-6*(-1)/2. Let i(t) = 0 + a + t - 2*t. Suppose 2*v - v + 1 = -3*d, -2*v = -4*d + 2. What is i(d)?
3
Suppose 0 = -5*n - 3*x + 20 + 15, 15 = 5*n - x. Suppose n*c + 26 = 6. Let h(s) = s. Give h(c).
-5
Let y(b) = b**3 - b + 12. Suppose 0 = m + d - 5, 0 = -2*d + 5 + 5. Determine y(m).
12
Let a(l) = 16*l**2 - 46*l + 16. Let d(i) = 3*i**2 - 9*i + 3. Let w(x) = 2*a(x) - 11*d(x). Give w(3).
11
Let i(a) = 16*a**2 - 1. Let s(l) = -l**3 - 20*l**2 - 20*l - 18. Let p be s(-19). Calculate i(p).
15
Suppose 2*f = 5 + 5. Suppose f*c = 3*c - 14. Let v(t) = -t - 10. Determine v(c).
-3
Let k(d) = -d**3 - 4*d**2 - 4*d - 4. Let w(h) = h**3 - 4*h**2 - 5*h + 3. Let m be w(5). Let z be ((-1)/(-1))/(-1)*m. Determine k(z).
-1
Let i(f) = f**2 - 6*f. Suppose -z - s = -4*s + 9, 2*s = -z + 16. What is i(z)?
0
Let h = -5 - 0. Let r(u) = -u**3 - u**2 - u. Let m be r(0). Let x = m + h. Let n(w) = w + 6. Calculate n(x).
1
Suppose n + 5*z - 17 = 0, 0 = -5*n - 2*z - 1 + 17. Let m(b) = 4*b + b**2 - b**2 - 2*b**n - 1. Calculate m(3).
-7
Let h(s) = 5*s + 0*s**3 + 2*s**2 - s**3 + s**2. Let j = -43 + 47. Determine h(j).
4
Let h(g) = 4*g**3 - g**3 + 2 - 5*g**2 - 4*g**3. What is h(-2)?
-10
Suppose 0 = f - 1. Let v(b) = -5 + f + 5*b**2 - b + 2*b - 4*b**2. Determine v(3).
8
Let h(v) = -11 - 2*v - 13*v**2 + 2*v - 4*v**3 - 4 - 4*v. Let r(m) = m**3 + 3*m**2 + m + 4. Let x(i) = -2*h(i) - 9*r(i). Give x(0).
-6
Let d(o) = o + 1. Suppose 5*n - 3*i = -12, 0*n + i - 5 = 2*n. Let y(w) = 4 - 5 + 5 - 5. Let k(v) = n*d(v) + 3*y(v). Determine k(-4).
6
Let h(q) = -11*q**3 + q + 1. Let y(j) = 32*j**3 - 4*j - 4. Let u(p) = 7*h(p) + 2*y(p). Let l = 31 + -32. Calculate u(l).
13
Let z(o) = o**2 - 9*o + 12. Let x be z(8). Let s(k) be the second derivative of -2*k**2 + 1/12*k**x - 2*k + 0 + 2/3*k**3. Give s(-4).
-4
Let m = 4 - 2. Suppose -2*j + 0 + m = 0. Let q = j + -5. Let h(t) = t**2 + 2*t - 2. What is h(q)?
6
Suppose s = 2*s - 3. Suppose 0 = s*r + r - 24. Let d(n) = 3*n - 3. Determine d(r).
15
Let l(q) = -q**3 + 5*q**2 + 14*q + 3. Let o be l(7). Let p(g) be the first derivative of 5/2*g**2 + 4*g - 1/3*g**o + 1. Give p(6).
-2
Let o(j) = -3*j**2 + 4. Let u(r) = 5*r**2 - 7. Let s(c) = -7*o(c) - 4*u(c). Let y be s(1). Let k(h) = h**2 - 3*h + 1. Calculate k(y).
-1
Let j(m) = m**3 + 6*m**2 - m - 7. Let p be j(-6). Let g(n) = -9*n**3 + 2*n**2 + n. Determine g(p).
10
Suppose -2*j - 2*j + 24 = 0. Let z(w) = 3*w + 4*w - 8 - 6*w. Determine z(j).
-2
Suppose -3*t + 8 = -7*t. Let y(d) = 2*d. Calculate y(t).
-4
Suppose -8*s = -6*s. Let d(j) = s*j**2 + 2*j - 2 - 2*j**2 + 3*j**2. Give d(2).
6
Let q(w) = 4*w**3 + 2*w**2 + 4*w + 2. Let v be q(-1). Let p(l) = l**3 + 5*l**2 + 5*l + 1. Calculate p(v).
-3
Let l(f) = f**3 + 5*f**2 - 5*f - 2. Let d be (3/(-3))/(-1)*-6. Calculate l(d).
-8
Let h(l) = -6*l**2 + 1 + 7*l**2 + 10*l**2. Let p be (-5)/3 + 4/6. What is h(p)?
12
Let c(l) = 2 - 2 - 3*l - 3. Calculate c(-4).
9
Let j(m) = m + 10. Suppose -3*x - 24 = 7*d - 4*d, x = -4*d - 2. Calculate j(x).
0
Let c(o) be the second derivative of o**4/12 + o**3/2 - o**2 - 13*o. Determine c(-2).
-4
Let v(r) = -3*r - 9 + 21 + r**2 - 2*r - 11. Give v(6).
7
Let i(l) = 178*l - 1 - 175*l - 3 + l**2. What is i(-4)?
0
Let v = 1 - 0. Let s(q) = 4*q**2 - 6*q + 1 - 3*q + 7*q. Give s(v).
3
Let i(d) = -d + 6*d**2 - 2*d - 7*d**2 + 1. Give i(-3).
1
Let d(f) = -f + 1 - 3*f + 1 + 0. Calculate d(2).
-6
Let v(h) be the second derivative of h**4/6 + h**3/3 - 2*h**2 + 6*h. What is v(-3)?
8
Let m(t) = -t**3 + 2*t**2 - 1. Let n be m(2). Let f(u) = 7*u**2 - 6*u + 2*u - 1 + 4*u. Determine f(n).
6
Let l(s) = 122*s**2 + 0*s**3 + s**3 + 1 - 127*s**2. Let c be l(5). Let a(z) = -11*z**3 + 2*z - 1. Give a(c).
-10
Let q(i) = 8 + 2*i - 6*i**3 + 4*i**3 + 3